{"id":1170,"date":"2024-12-10T20:14:47","date_gmt":"2024-12-10T19:14:47","guid":{"rendered":"https:\/\/dev1.boeckh.de\/?page_id=1170"},"modified":"2026-01-31T10:27:10","modified_gmt":"2026-01-31T09:27:10","slug":"vorstandschaft-2","status":"publish","type":"page","link":"https:\/\/kinderschutzbund-memmingen-unterallgaeu.de\/index.php\/vorstandschaft-2\/","title":{"rendered":"Vorstandschaft"},"content":{"rendered":"\n<p>Der Vorstand des Kreisverbandes Memmingen-Unterallg\u00e4u e.V. vertritt die Interessen des Vereins sowohl nach au\u00dfen als auch gegen\u00fcber dem Landes- und Bundesverband des Deutschen Kinderschutzbundes. Regelm\u00e4\u00dfig trifft sich die Vorstandschaft zu Sitzungen um organisatorische, finanzielle und vor allem auch inhaltliche Entscheidungen zu diskutieren und abzustimmen.<\/p>\n\n\n\n<h2 class=\"wp-block-heading\">Vorsitzende<\/h2>\n\n\n\n<p><strong>1. Vorsitzende: <\/strong><\/p>\n\n\n\n<p>Simone D\u00f6ring<\/p>\n\n\n\n<p><strong>2. Vorsitzende:<\/strong> <\/p>\n\n\n\n<p>Gaby Land<\/p>\n\n\n\n<h2 class=\"wp-block-heading\">Weitere Mitglieder der Vorstandschaft<\/h2>\n\n\n\n<p><strong>Schatzmeisterin:<\/strong><\/p>\n\n\n\n<p>Alexandra Michelberger<\/p>\n\n\n\n<p><strong>Schriftf\u00fchrer<\/strong>: <\/p>\n\n\n\n<p><\/p>\n\n\n\n<p><strong>Beisitzer:<\/strong><\/p>\n\n\n\n<p>Monika D\u00f6rr<\/p>\n\n\n\n<p>Andreas Mayer<\/p>\n\n\n\n<p>Janina Gerstner<\/p>\n\n\n\n<p>Isabella Salger<\/p>\n\n\n\n<p>Sabine Rogg<\/p>\n\n\n\n<p>Laura Hofmann<\/p>\n\n\n\n<p>Franz Grabenbauer<\/p>\n\n\n\n<p><strong>Kassenpr\u00fcferinnen:<\/strong><\/p>\n\n\n\n<p>Frau Arnold<\/p>\n\n\n\n<p>Frau Martin<\/p>\n","protected":false},"excerpt":{"rendered":"<p>Der Vorstand des Kreisverbandes Memmingen-Unterallg\u00e4u e.V. vertritt die Interessen des Vereins sowohl nach au\u00dfen als auch gegen\u00fcber dem Landes- und Bundesverband des Deutschen Kinderschutzbundes. Regelm\u00e4\u00dfig trifft sich die Vorstandschaft zu Sitzungen um organisatorische, finanzielle und vor allem auch inhaltliche Entscheidungen<\/p>\n","protected":false},"author":3,"featured_media":0,"parent":0,"menu_order":0,"comment_status":"closed","ping_status":"closed","template":"","meta":{"footnotes":""},"class_list":["post-1170","page","type-page","status-publish","hentry"],"_links":{"self":[{"href":"https:\/\/kinderschutzbund-memmingen-unterallgaeu.de\/index.php\/wp-json\/wp\/v2\/pages\/1170","targetHints":{"allow":["GET"]}}],"collection":[{"href":"https:\/\/kinderschutzbund-memmingen-unterallgaeu.de\/index.php\/wp-json\/wp\/v2\/pages"}],"about":[{"href":"https:\/\/kinderschutzbund-memmingen-unterallgaeu.de\/index.php\/wp-json\/wp\/v2\/types\/page"}],"author":[{"embeddable":true,"href":"https:\/\/kinderschutzbund-memmingen-unterallgaeu.de\/index.php\/wp-json\/wp\/v2\/users\/3"}],"replies":[{"embeddable":true,"href":"https:\/\/kinderschutzbund-memmingen-unterallgaeu.de\/index.php\/wp-json\/wp\/v2\/comments?post=1170"}],"version-history":[{"count":5,"href":"https:\/\/kinderschutzbund-memmingen-unterallgaeu.de\/index.php\/wp-json\/wp\/v2\/pages\/1170\/revisions"}],"predecessor-version":[{"id":1215,"href":"https:\/\/kinderschutzbund-memmingen-unterallgaeu.de\/index.php\/wp-json\/wp\/v2\/pages\/1170\/revisions\/1215"}],"wp:attachment":[{"href":"https:\/\/kinderschutzbund-memmingen-unterallgaeu.de\/index.php\/wp-json\/wp\/v2\/media?parent=1170"}],"curies":[{"name":"wp","href":"https:\/\/api.w.org\/{rel}","templated":true}]}}